{"id":556,"date":"2017-03-29T14:30:16","date_gmt":"2017-03-29T12:30:16","guid":{"rendered":"http:\/\/www.arteiasi.ro\/texpoart\/?page_id=556"},"modified":"2026-03-17T14:00:37","modified_gmt":"2026-03-17T12:00:37","slug":"participants","status":"publish","type":"page","link":"https:\/\/www.arteiasi.ro\/texpoart\/?page_id=556","title":{"rendered":"Call for Entries"},"content":{"rendered":"\n\n\t<p>The event is designed to provide artists with a space to showcase their work <strong data-start=\"120\" data-end=\"200\">without the hierarchy or competition associated with prize-based exhibitions<\/strong>. For its <strong data-start=\"211\" data-end=\"226\">7th edition<\/strong>, the Textile Art International Triennial TexpoART invites artists to engage with the theme <strong data-start=\"318\" data-end=\"339\">&#8220;ORDER AND CHAOS&#8221;<\/strong>, opening a space for artistic reflection and dialogue.<\/p>\n<p>We are going through times of planetary convulsions, of syntheses and openings that bring great turbulence to human activity. Order, also seen as predictability, can be identified as a kind of fog that prevents any anticipation, as well as the control of one&#8217;s own development. The cosmic order is disturbed, the elements associated with the idea of \u200b\u200bchaos in the collective mind, such as disease, death, storm, drought, eclipse, earthquakes, invasions of enemies seem to dominate the world. This days, the fragile balance of order tends to transform into chaos. But, let&#8217;s not forget, chaos is considered the personification of the initial state of the universe, an unlimited and indefinite space, pre-existing the cosmic order. The concepts of order and chaos refer to two opposing and complementary forces, which govern various aspects of life, from the physical universe to personal experiences. Order represents structure, stability, predictability, while chaos implies disorganization, uncertainty, but, extremely importantly, the potential for change.<\/p>\n<p>In real life order provides the basis for evolution, while chaos develops creativity, discovers opportunities, and contributes to adaptation processes. Even more, in the field of visual arts the two concepts intertwine. The theme <strong>ORDER AND CHAOS<\/strong> proposes to the artists to develop the dynamic, antagonistic relationship of these concepts with the means of textile arts. In art, order is often identified with a clear composition, chromatic harmony, and perfect execution, but it can seem banal and boring. In contrast, chaos acts as a disruptive force-unsettling yet expressive, with the potential to unlock new possibilities.<\/p>\n<p>Depending on what each artist proposes, the resulting works may deal with one concept, the other, or both, applied to the inner universe, to nature, or to social life. The theme invites philosophical reflection and, why not, new experiments as well.<\/p>\n<p><strong>TexpoART <\/strong>is open to professionals and master&#8217;s students in the field of Textile Arts, who are invited to participate with medium size art works, made in the last three years.<\/p>\n<p>Any textile techniques and any materials, traditional or unconventional, with witch the artists can configure their own interpretation of the idea of\u00a0 ORDER AND CHAOS in a contemporary formula, are accepted.<\/p>\n<h2>\n\t\t\tRegistration\t<\/h2>\n\t<p>Registration period: <strong>15 March &#8211; 1 April, 2026<\/strong><\/p>\n<p>Selected artists will receive detailed payment instructions by email. The participation fee is <strong data-start=\"120\" data-end=\"131\">120 EUR<\/strong>, payable <strong data-start=\"141\" data-end=\"193\">only after you receive the confirmation of selection<\/strong>.<\/p>\nDetails about participation requirements can be found in the<a href=\"https:\/\/www.arteiasi.ro\/texpoart\/wp-content\/uploads\/2025\/12\/Texpoart-2026-Regulation-EN.pdf\"><strong> Texpoart2026_Regulations (EN)<\/strong><\/a>.<br \/>\nYou can download the <strong><a href=\"https:\/\/www.arteiasi.ro\/texpoart\/wp-content\/uploads\/2025\/11\/Texpoart-2026-application-form.doc\">Application form EN (.doc<\/a>)<\/strong>\n<p>Registration form may be submitted online via the <a href=\"https:\/\/docs.google.com\/forms\/d\/e\/1FAIpQLSccgodjD6ppAnWb0yS4i_4ViZKi6mSw6GRsy0DQwvN7B5J38w\/viewform?usp=header\"><strong>REGISTRATION<\/strong><\/a> link or sent directly by email to <strong><a href=\"mailto:texpoart@gmail.com\">texpoart@gmail.com<\/a> <\/strong><strong>.<\/strong><\/p>\n\t<p><strong>&#8212;-<\/strong><\/p>\n<p>Mai multe detalii despre acest eveniment g\u0103si\u021bi <a href=\"https:\/\/www.arteiasi.ro\/texpoart\/wp-content\/uploads\/2025\/12\/Texpoart-2026-regulament-RO.pdf\">Texpoart 2026 &#8211; Regulament RO<\/a>.<\/p>\n<p><a href=\"https:\/\/www.arteiasi.ro\/texpoart\/wp-content\/uploads\/2025\/11\/Texpoart-2026-formular-inscriere.doc\">Formular de inscriere TexpoART 2026 RO<\/a>.<\/p>\n<figure itemscope itemtype=\"https:\/\/schema.org\/ImageObject\">\n\t\t\t\t<img decoding=\"async\" src=\"https:\/\/www.arteiasi.ro\/texpoart\/wp-content\/uploads\/2025\/11\/Texpoart2023-Brustureanu-Cornelia.jpg\" alt=\"Texpoart2023-Brustureanu-Cornelia\" height=\"1062\" width=\"786\" title=\"Texpoart2023-Brustureanu-Cornelia\" onerror=\"this.style.display='none'\" loading=\"lazy\" \/>\n\t<\/figure>\n\t\t\t<a href=\"https:\/\/forms.gle\/sRDzcnD3E2aQsB3p6\"  target=\"_self\">\n\t\t\t\t\t\t\tRegister form\n\t\t\t<\/a>\n<figure itemscope itemtype=\"https:\/\/schema.org\/ImageObject\">\n\t\t\t\t<img decoding=\"async\" src=\"https:\/\/www.arteiasi.ro\/texpoart\/wp-content\/uploads\/2025\/11\/Pop-Monica-texpoart-2023.jpg\" alt=\"Pop-Monica-texpoart-2023\" height=\"1044\" width=\"840\" title=\"Pop-Monica-texpoart-2023\" onerror=\"this.style.display='none'\" loading=\"lazy\" \/>\n\t<\/figure>\n\n\t<p>TexpoART is organized with the support of the <strong data-start=\"100\" data-end=\"147\">National University of Arts &#8220;George Enescu&#8221;<\/strong> and the <strong data-start=\"156\" data-end=\"194\">Union of Visual Artists in Romania<\/strong>.<\/p>\n<p>The 2026 edition will be held <strong data-start=\"228\" data-end=\"248\" data-is-only-node=\"\">June 10-30, 2026<\/strong> in the exhibition spaces of the Romanian Union of Visual Artists &#8211; Ia\u0219i Branch (U.A.P.R. Ia\u0219i) and the <strong data-start=\"356\" data-end=\"393\">Aparte <\/strong>Gallery of U.N.A.G.E. Ia\u0219i<strong data-start=\"356\" data-end=\"393\"> (<a href=\"https:\/\/uapriasi.ro\/galerii\/\">https:\/\/uapriasi.ro\/galerii<\/a> \u00a0\u00a0<a href=\"https:\/\/aparte.arteiasi.ro\/\">https:\/\/aparte.arteiasi.ro\/<\/a>).<\/strong><\/p>\n<p>&nbsp;<\/p>\n<h3>\n\t\t\tSponsors and Partners\t<\/h3>\n<figure itemscope itemtype=\"https:\/\/schema.org\/ImageObject\">\n\t\t\t\t<img decoding=\"async\" src=\"https:\/\/www.arteiasi.ro\/texpoart\/wp-content\/uploads\/2025\/11\/UNAGE-160-web-300x230.png\" alt=\"UNAGE-160-web\" height=\"230\" width=\"300\" title=\"UNAGE-160-web\" onerror=\"this.style.display='none'\" loading=\"lazy\" \/>\n\t<\/figure>\n<figure itemscope itemtype=\"https:\/\/schema.org\/ImageObject\">\n\t\t\t\t<img decoding=\"async\" src=\"https:\/\/www.arteiasi.ro\/texpoart\/wp-content\/uploads\/2025\/11\/Creart-1.png\" alt=\"Creart\" height=\"153\" width=\"135\" title=\"Creart\" onerror=\"this.style.display='none'\" loading=\"lazy\" \/>\n\t<\/figure>\n<figure itemscope itemtype=\"https:\/\/schema.org\/ImageObject\">\n\t\t\t\t<img decoding=\"async\" src=\"https:\/\/www.arteiasi.ro\/texpoart\/wp-content\/uploads\/2025\/11\/IMG-20251118-WA0096.jpg\" alt=\"IMG-20251118-WA0096\" height=\"397\" width=\"1600\" title=\"IMG-20251118-WA0096\" onerror=\"this.style.display='none'\" loading=\"lazy\" \/>\n\t<\/figure>\n\n","protected":false},"excerpt":{"rendered":"<p>The event is designed to provide artists with a space to showcase their work without the hierarchy or competition associated with prize-based exhibitions. For its 7th edition, the Textile Art International Triennial TexpoART invites artists to engage with the theme &#8220;ORDER AND CHAOS&#8221;, opening a space for artistic reflection and dialogue. We are going through &#8230; <a title=\"Call for Entries\" class=\"read-more\" href=\"https:\/\/www.arteiasi.ro\/texpoart\/?page_id=556\" aria-label=\"Read more about Call for Entries\">Read more<\/a><\/p>\n","protected":false},"author":3,"featured_media":0,"parent":0,"menu_order":0,"comment_status":"closed","ping_status":"closed","template":"","meta":{"footnotes":""},"class_list":["post-556","page","type-page","status-publish"],"yoast_head":"<!-- This site is optimized with the Yoast SEO plugin v27.5 - https:\/\/yoast.com\/product\/yoast-seo-wordpress\/ -->\n<title>Call for Entries - Triennial of Textile Arts, Romania<\/title>\n<meta name=\"description\" content=\"Find the calendar for the 6th edition, Textile Art International Triennial TexpoART. Registration form and the fee for the participants of the 2023 edition.\" \/>\n<meta name=\"robots\" content=\"index, follow, max-snippet:-1, max-image-preview:large, max-video-preview:-1\" \/>\n<link rel=\"canonical\" href=\"https:\/\/www.arteiasi.ro\/texpoart\/?page_id=556\" \/>\n<meta property=\"og:locale\" content=\"en_US\" \/>\n<meta property=\"og:type\" content=\"article\" \/>\n<meta property=\"og:title\" content=\"Call for Entries - Triennial of Textile Arts, Romania\" \/>\n<meta property=\"og:description\" content=\"Find the calendar for the 6th edition, Textile Art International Triennial TexpoART. Registration form and the fee for the participants of the 2023 edition.\" \/>\n<meta property=\"og:url\" content=\"https:\/\/www.arteiasi.ro\/texpoart\/?page_id=556\" \/>\n<meta property=\"og:site_name\" content=\"Triennial of Textile Arts, Romania\" \/>\n<meta property=\"article:publisher\" content=\"https:\/\/ro-ro.facebook.com\/Texpoart\/\" \/>\n<meta property=\"article:modified_time\" content=\"2026-03-17T12:00:37+00:00\" \/>\n<meta property=\"og:image\" content=\"https:\/\/www.arteiasi.ro\/texpoart\/wp-content\/uploads\/2025\/11\/Texpoart2023-Brustureanu-Cornelia.jpg\" \/>\n<meta name=\"twitter:card\" content=\"summary_large_image\" \/>\n<meta name=\"twitter:label1\" content=\"Est. reading time\" \/>\n\t<meta name=\"twitter:data1\" content=\"4 minutes\" \/>\n<script type=\"application\/ld+json\" class=\"yoast-schema-graph\">{\"@context\":\"https:\\\/\\\/schema.org\",\"@graph\":[{\"@type\":\"WebPage\",\"@id\":\"https:\\\/\\\/www.arteiasi.ro\\\/texpoart\\\/?page_id=556\",\"url\":\"https:\\\/\\\/www.arteiasi.ro\\\/texpoart\\\/?page_id=556\",\"name\":\"Call for Entries - Triennial of Textile Arts, Romania\",\"isPartOf\":{\"@id\":\"http:\\\/\\\/www.arteiasi.ro\\\/texpoart\\\/#website\"},\"primaryImageOfPage\":{\"@id\":\"https:\\\/\\\/www.arteiasi.ro\\\/texpoart\\\/?page_id=556#primaryimage\"},\"image\":{\"@id\":\"https:\\\/\\\/www.arteiasi.ro\\\/texpoart\\\/?page_id=556#primaryimage\"},\"thumbnailUrl\":\"https:\\\/\\\/www.arteiasi.ro\\\/texpoart\\\/wp-content\\\/uploads\\\/2025\\\/11\\\/Texpoart2023-Brustureanu-Cornelia.jpg\",\"datePublished\":\"2017-03-29T12:30:16+00:00\",\"dateModified\":\"2026-03-17T12:00:37+00:00\",\"description\":\"Find the calendar for the 6th edition, Textile Art International Triennial TexpoART. Registration form and the fee for the participants of the 2023 edition.\",\"breadcrumb\":{\"@id\":\"https:\\\/\\\/www.arteiasi.ro\\\/texpoart\\\/?page_id=556#breadcrumb\"},\"inLanguage\":\"en-US\",\"potentialAction\":[{\"@type\":\"ReadAction\",\"target\":[\"https:\\\/\\\/www.arteiasi.ro\\\/texpoart\\\/?page_id=556\"]}]},{\"@type\":\"ImageObject\",\"inLanguage\":\"en-US\",\"@id\":\"https:\\\/\\\/www.arteiasi.ro\\\/texpoart\\\/?page_id=556#primaryimage\",\"url\":\"https:\\\/\\\/www.arteiasi.ro\\\/texpoart\\\/wp-content\\\/uploads\\\/2025\\\/11\\\/Texpoart2023-Brustureanu-Cornelia.jpg\",\"contentUrl\":\"https:\\\/\\\/www.arteiasi.ro\\\/texpoart\\\/wp-content\\\/uploads\\\/2025\\\/11\\\/Texpoart2023-Brustureanu-Cornelia.jpg\"},{\"@type\":\"BreadcrumbList\",\"@id\":\"https:\\\/\\\/www.arteiasi.ro\\\/texpoart\\\/?page_id=556#breadcrumb\",\"itemListElement\":[{\"@type\":\"ListItem\",\"position\":1,\"name\":\"Home\",\"item\":\"https:\\\/\\\/www.arteiasi.ro\\\/texpoart\\\/\"},{\"@type\":\"ListItem\",\"position\":2,\"name\":\"Call for Entries\"}]},{\"@type\":\"WebSite\",\"@id\":\"http:\\\/\\\/www.arteiasi.ro\\\/texpoart\\\/#website\",\"url\":\"http:\\\/\\\/www.arteiasi.ro\\\/texpoart\\\/\",\"name\":\"Triennial of Textile Arts, Romania\",\"description\":\"Ia\u0219i, Trienala interna\u021bional\u0103 de art\u0103 textil\u0103\",\"potentialAction\":[{\"@type\":\"SearchAction\",\"target\":{\"@type\":\"EntryPoint\",\"urlTemplate\":\"http:\\\/\\\/www.arteiasi.ro\\\/texpoart\\\/?s={search_term_string}\"},\"query-input\":{\"@type\":\"PropertyValueSpecification\",\"valueRequired\":true,\"valueName\":\"search_term_string\"}}],\"inLanguage\":\"en-US\"}]}<\/script>\n<!-- \/ Yoast SEO plugin. -->","yoast_head_json":{"title":"Call for Entries - Triennial of Textile Arts, Romania","description":"Find the calendar for the 6th edition, Textile Art International Triennial TexpoART. Registration form and the fee for the participants of the 2023 edition.","robots":{"index":"index","follow":"follow","max-snippet":"max-snippet:-1","max-image-preview":"max-image-preview:large","max-video-preview":"max-video-preview:-1"},"canonical":"https:\/\/www.arteiasi.ro\/texpoart\/?page_id=556","og_locale":"en_US","og_type":"article","og_title":"Call for Entries - Triennial of Textile Arts, Romania","og_description":"Find the calendar for the 6th edition, Textile Art International Triennial TexpoART. Registration form and the fee for the participants of the 2023 edition.","og_url":"https:\/\/www.arteiasi.ro\/texpoart\/?page_id=556","og_site_name":"Triennial of Textile Arts, Romania","article_publisher":"https:\/\/ro-ro.facebook.com\/Texpoart\/","article_modified_time":"2026-03-17T12:00:37+00:00","og_image":[{"url":"https:\/\/www.arteiasi.ro\/texpoart\/wp-content\/uploads\/2025\/11\/Texpoart2023-Brustureanu-Cornelia.jpg","type":"","width":"","height":""}],"twitter_card":"summary_large_image","twitter_misc":{"Est. reading time":"4 minutes"},"schema":{"@context":"https:\/\/schema.org","@graph":[{"@type":"WebPage","@id":"https:\/\/www.arteiasi.ro\/texpoart\/?page_id=556","url":"https:\/\/www.arteiasi.ro\/texpoart\/?page_id=556","name":"Call for Entries - Triennial of Textile Arts, Romania","isPartOf":{"@id":"http:\/\/www.arteiasi.ro\/texpoart\/#website"},"primaryImageOfPage":{"@id":"https:\/\/www.arteiasi.ro\/texpoart\/?page_id=556#primaryimage"},"image":{"@id":"https:\/\/www.arteiasi.ro\/texpoart\/?page_id=556#primaryimage"},"thumbnailUrl":"https:\/\/www.arteiasi.ro\/texpoart\/wp-content\/uploads\/2025\/11\/Texpoart2023-Brustureanu-Cornelia.jpg","datePublished":"2017-03-29T12:30:16+00:00","dateModified":"2026-03-17T12:00:37+00:00","description":"Find the calendar for the 6th edition, Textile Art International Triennial TexpoART. Registration form and the fee for the participants of the 2023 edition.","breadcrumb":{"@id":"https:\/\/www.arteiasi.ro\/texpoart\/?page_id=556#breadcrumb"},"inLanguage":"en-US","potentialAction":[{"@type":"ReadAction","target":["https:\/\/www.arteiasi.ro\/texpoart\/?page_id=556"]}]},{"@type":"ImageObject","inLanguage":"en-US","@id":"https:\/\/www.arteiasi.ro\/texpoart\/?page_id=556#primaryimage","url":"https:\/\/www.arteiasi.ro\/texpoart\/wp-content\/uploads\/2025\/11\/Texpoart2023-Brustureanu-Cornelia.jpg","contentUrl":"https:\/\/www.arteiasi.ro\/texpoart\/wp-content\/uploads\/2025\/11\/Texpoart2023-Brustureanu-Cornelia.jpg"},{"@type":"BreadcrumbList","@id":"https:\/\/www.arteiasi.ro\/texpoart\/?page_id=556#breadcrumb","itemListElement":[{"@type":"ListItem","position":1,"name":"Home","item":"https:\/\/www.arteiasi.ro\/texpoart\/"},{"@type":"ListItem","position":2,"name":"Call for Entries"}]},{"@type":"WebSite","@id":"http:\/\/www.arteiasi.ro\/texpoart\/#website","url":"http:\/\/www.arteiasi.ro\/texpoart\/","name":"Triennial of Textile Arts, Romania","description":"Ia\u0219i, Trienala interna\u021bional\u0103 de art\u0103 textil\u0103","potentialAction":[{"@type":"SearchAction","target":{"@type":"EntryPoint","urlTemplate":"http:\/\/www.arteiasi.ro\/texpoart\/?s={search_term_string}"},"query-input":{"@type":"PropertyValueSpecification","valueRequired":true,"valueName":"search_term_string"}}],"inLanguage":"en-US"}]}},"_links":{"self":[{"href":"https:\/\/www.arteiasi.ro\/texpoart\/index.php?rest_route=\/wp\/v2\/pages\/556","targetHints":{"allow":["GET"]}}],"collection":[{"href":"https:\/\/www.arteiasi.ro\/texpoart\/index.php?rest_route=\/wp\/v2\/pages"}],"about":[{"href":"https:\/\/www.arteiasi.ro\/texpoart\/index.php?rest_route=\/wp\/v2\/types\/page"}],"author":[{"embeddable":true,"href":"https:\/\/www.arteiasi.ro\/texpoart\/index.php?rest_route=\/wp\/v2\/users\/3"}],"replies":[{"embeddable":true,"href":"https:\/\/www.arteiasi.ro\/texpoart\/index.php?rest_route=%2Fwp%2Fv2%2Fcomments&post=556"}],"version-history":[{"count":14,"href":"https:\/\/www.arteiasi.ro\/texpoart\/index.php?rest_route=\/wp\/v2\/pages\/556\/revisions"}],"predecessor-version":[{"id":1474,"href":"https:\/\/www.arteiasi.ro\/texpoart\/index.php?rest_route=\/wp\/v2\/pages\/556\/revisions\/1474"}],"wp:attachment":[{"href":"https:\/\/www.arteiasi.ro\/texpoart\/index.php?rest_route=%2Fwp%2Fv2%2Fmedia&parent=556"}],"curies":[{"name":"wp","href":"https:\/\/api.w.org\/{rel}","templated":true}]}}