{"id":6,"date":"2016-11-05T17:17:03","date_gmt":"2016-11-05T17:17:03","guid":{"rendered":"http:\/\/www.arteiasi.ro\/cam\/?page_id=6"},"modified":"2024-01-31T09:20:59","modified_gmt":"2024-01-31T07:20:59","slug":"contact","status":"publish","type":"page","link":"https:\/\/www.arteiasi.ro\/cam\/contact\/","title":{"rendered":"Contact"},"content":{"rendered":"<p>Centrul de Cercetare a Artei Medievale &#8220;Vasile Dragut&#8221;<\/p>\n<p>Universitatea Na\u021bional\u0103 de Arte &#8220;George Enescu&#8221; din Iasi<br \/>\nFacultatea de Arte Vizuale si Design<\/p>\n<p>Strada S\u0103r\u0103rie, nr. 189, 700451, Iasi<br \/>\n(persoana de contact: Codrina Ioni\u021b\u0103, lauracodrina@yahoo.fr)<\/p>\n","protected":false},"excerpt":{"rendered":"<p>Centrul de Cercetare a Artei Medievale &#8220;Vasile Dragut&#8221; Universitatea Na\u021bional\u0103 de Arte &#8220;George Enescu&#8221; din Iasi Facultatea de Arte Vizuale si Design Strada S\u0103r\u0103rie, nr. 189, 700451, Iasi (persoana de contact: Codrina Ioni\u021b\u0103, lauracodrina@yahoo.fr)<\/p>\n","protected":false},"author":1,"featured_media":0,"parent":0,"menu_order":0,"comment_status":"closed","ping_status":"closed","template":"","meta":{"footnotes":""},"class_list":["post-6","page","type-page","status-publish","hentry"],"yoast_head":"<!-- This site is optimized with the Yoast SEO plugin v27.3 - https:\/\/yoast.com\/product\/yoast-seo-wordpress\/ -->\n<title>Contact &#8212; Centrul de Cercetare a Artei Medievale \u201dVasile Dr\u0103gu\u021b\u201d<\/title>\n<meta name=\"robots\" content=\"index, follow, max-snippet:-1, max-image-preview:large, max-video-preview:-1\" \/>\n<link rel=\"canonical\" href=\"https:\/\/www.arteiasi.ro\/cam\/contact\/\" \/>\n<meta property=\"og:locale\" content=\"en_US\" \/>\n<meta property=\"og:type\" content=\"article\" \/>\n<meta property=\"og:title\" content=\"Contact &#8212; Centrul de Cercetare a Artei Medievale \u201dVasile Dr\u0103gu\u021b\u201d\" \/>\n<meta property=\"og:description\" content=\"Centrul de Cercetare a Artei Medievale &#8220;Vasile Dragut&#8221; Universitatea Na\u021bional\u0103 de Arte &#8220;George Enescu&#8221; din Iasi Facultatea de Arte Vizuale si Design Strada S\u0103r\u0103rie, nr. 189, 700451, Iasi (persoana de contact: Codrina Ioni\u021b\u0103, lauracodrina@yahoo.fr)\" \/>\n<meta property=\"og:url\" content=\"https:\/\/www.arteiasi.ro\/cam\/contact\/\" \/>\n<meta property=\"og:site_name\" content=\"Centrul de Cercetare a Artei Medievale \u201dVasile Dr\u0103gu\u021b\u201d\" \/>\n<meta property=\"article:modified_time\" content=\"2024-01-31T07:20:59+00:00\" \/>\n<meta name=\"twitter:card\" content=\"summary_large_image\" \/>\n<meta name=\"twitter:label1\" content=\"Est. reading time\" \/>\n\t<meta name=\"twitter:data1\" content=\"1 minute\" \/>\n<script type=\"application\/ld+json\" class=\"yoast-schema-graph\">{\"@context\":\"https:\\\/\\\/schema.org\",\"@graph\":[{\"@type\":\"WebPage\",\"@id\":\"https:\\\/\\\/www.arteiasi.ro\\\/cam\\\/contact\\\/\",\"url\":\"https:\\\/\\\/www.arteiasi.ro\\\/cam\\\/contact\\\/\",\"name\":\"Contact &#8212; Centrul de Cercetare a Artei Medievale \u201dVasile Dr\u0103gu\u021b\u201d\",\"isPartOf\":{\"@id\":\"https:\\\/\\\/www.arteiasi.ro\\\/cam\\\/#website\"},\"datePublished\":\"2016-11-05T17:17:03+00:00\",\"dateModified\":\"2024-01-31T07:20:59+00:00\",\"breadcrumb\":{\"@id\":\"https:\\\/\\\/www.arteiasi.ro\\\/cam\\\/contact\\\/#breadcrumb\"},\"inLanguage\":\"en-US\",\"potentialAction\":[{\"@type\":\"ReadAction\",\"target\":[\"https:\\\/\\\/www.arteiasi.ro\\\/cam\\\/contact\\\/\"]}]},{\"@type\":\"BreadcrumbList\",\"@id\":\"https:\\\/\\\/www.arteiasi.ro\\\/cam\\\/contact\\\/#breadcrumb\",\"itemListElement\":[{\"@type\":\"ListItem\",\"position\":1,\"name\":\"Home\",\"item\":\"https:\\\/\\\/www.arteiasi.ro\\\/cam\\\/\"},{\"@type\":\"ListItem\",\"position\":2,\"name\":\"Contact\"}]},{\"@type\":\"WebSite\",\"@id\":\"https:\\\/\\\/www.arteiasi.ro\\\/cam\\\/#website\",\"url\":\"https:\\\/\\\/www.arteiasi.ro\\\/cam\\\/\",\"name\":\"Centrul de Cercetare a Artei Medievale \u201dVasile Dr\u0103gu\u021b\u201d\",\"description\":\"Facultatea de Arte Vizuale \u0219i Design\",\"publisher\":{\"@id\":\"https:\\\/\\\/www.arteiasi.ro\\\/cam\\\/#organization\"},\"potentialAction\":[{\"@type\":\"SearchAction\",\"target\":{\"@type\":\"EntryPoint\",\"urlTemplate\":\"https:\\\/\\\/www.arteiasi.ro\\\/cam\\\/?s={search_term_string}\"},\"query-input\":{\"@type\":\"PropertyValueSpecification\",\"valueRequired\":true,\"valueName\":\"search_term_string\"}}],\"inLanguage\":\"en-US\"},{\"@type\":\"Organization\",\"@id\":\"https:\\\/\\\/www.arteiasi.ro\\\/cam\\\/#organization\",\"name\":\"Centrul de arta medievala\",\"url\":\"https:\\\/\\\/www.arteiasi.ro\\\/cam\\\/\",\"logo\":{\"@type\":\"ImageObject\",\"inLanguage\":\"en-US\",\"@id\":\"https:\\\/\\\/www.arteiasi.ro\\\/cam\\\/#\\\/schema\\\/logo\\\/image\\\/\",\"url\":\"http:\\\/\\\/www.arteiasi.ro\\\/cam\\\/wp-content\\\/uploads\\\/2016\\\/11\\\/cropped-sigla.png\",\"contentUrl\":\"http:\\\/\\\/www.arteiasi.ro\\\/cam\\\/wp-content\\\/uploads\\\/2016\\\/11\\\/cropped-sigla.png\",\"width\":248,\"height\":75,\"caption\":\"Centrul de arta medievala\"},\"image\":{\"@id\":\"https:\\\/\\\/www.arteiasi.ro\\\/cam\\\/#\\\/schema\\\/logo\\\/image\\\/\"}}]}<\/script>\n<!-- \/ Yoast SEO plugin. -->","yoast_head_json":{"title":"Contact &#8212; Centrul de Cercetare a Artei Medievale \u201dVasile Dr\u0103gu\u021b\u201d","robots":{"index":"index","follow":"follow","max-snippet":"max-snippet:-1","max-image-preview":"max-image-preview:large","max-video-preview":"max-video-preview:-1"},"canonical":"https:\/\/www.arteiasi.ro\/cam\/contact\/","og_locale":"en_US","og_type":"article","og_title":"Contact &#8212; Centrul de Cercetare a Artei Medievale \u201dVasile Dr\u0103gu\u021b\u201d","og_description":"Centrul de Cercetare a Artei Medievale &#8220;Vasile Dragut&#8221; Universitatea Na\u021bional\u0103 de Arte &#8220;George Enescu&#8221; din Iasi Facultatea de Arte Vizuale si Design Strada S\u0103r\u0103rie, nr. 189, 700451, Iasi (persoana de contact: Codrina Ioni\u021b\u0103, lauracodrina@yahoo.fr)","og_url":"https:\/\/www.arteiasi.ro\/cam\/contact\/","og_site_name":"Centrul de Cercetare a Artei Medievale \u201dVasile Dr\u0103gu\u021b\u201d","article_modified_time":"2024-01-31T07:20:59+00:00","twitter_card":"summary_large_image","twitter_misc":{"Est. reading time":"1 minute"},"schema":{"@context":"https:\/\/schema.org","@graph":[{"@type":"WebPage","@id":"https:\/\/www.arteiasi.ro\/cam\/contact\/","url":"https:\/\/www.arteiasi.ro\/cam\/contact\/","name":"Contact &#8212; Centrul de Cercetare a Artei Medievale \u201dVasile Dr\u0103gu\u021b\u201d","isPartOf":{"@id":"https:\/\/www.arteiasi.ro\/cam\/#website"},"datePublished":"2016-11-05T17:17:03+00:00","dateModified":"2024-01-31T07:20:59+00:00","breadcrumb":{"@id":"https:\/\/www.arteiasi.ro\/cam\/contact\/#breadcrumb"},"inLanguage":"en-US","potentialAction":[{"@type":"ReadAction","target":["https:\/\/www.arteiasi.ro\/cam\/contact\/"]}]},{"@type":"BreadcrumbList","@id":"https:\/\/www.arteiasi.ro\/cam\/contact\/#breadcrumb","itemListElement":[{"@type":"ListItem","position":1,"name":"Home","item":"https:\/\/www.arteiasi.ro\/cam\/"},{"@type":"ListItem","position":2,"name":"Contact"}]},{"@type":"WebSite","@id":"https:\/\/www.arteiasi.ro\/cam\/#website","url":"https:\/\/www.arteiasi.ro\/cam\/","name":"Centrul de Cercetare a Artei Medievale \u201dVasile Dr\u0103gu\u021b\u201d","description":"Facultatea de Arte Vizuale \u0219i Design","publisher":{"@id":"https:\/\/www.arteiasi.ro\/cam\/#organization"},"potentialAction":[{"@type":"SearchAction","target":{"@type":"EntryPoint","urlTemplate":"https:\/\/www.arteiasi.ro\/cam\/?s={search_term_string}"},"query-input":{"@type":"PropertyValueSpecification","valueRequired":true,"valueName":"search_term_string"}}],"inLanguage":"en-US"},{"@type":"Organization","@id":"https:\/\/www.arteiasi.ro\/cam\/#organization","name":"Centrul de arta medievala","url":"https:\/\/www.arteiasi.ro\/cam\/","logo":{"@type":"ImageObject","inLanguage":"en-US","@id":"https:\/\/www.arteiasi.ro\/cam\/#\/schema\/logo\/image\/","url":"http:\/\/www.arteiasi.ro\/cam\/wp-content\/uploads\/2016\/11\/cropped-sigla.png","contentUrl":"http:\/\/www.arteiasi.ro\/cam\/wp-content\/uploads\/2016\/11\/cropped-sigla.png","width":248,"height":75,"caption":"Centrul de arta medievala"},"image":{"@id":"https:\/\/www.arteiasi.ro\/cam\/#\/schema\/logo\/image\/"}}]}},"_links":{"self":[{"href":"https:\/\/www.arteiasi.ro\/cam\/wp-json\/wp\/v2\/pages\/6","targetHints":{"allow":["GET"]}}],"collection":[{"href":"https:\/\/www.arteiasi.ro\/cam\/wp-json\/wp\/v2\/pages"}],"about":[{"href":"https:\/\/www.arteiasi.ro\/cam\/wp-json\/wp\/v2\/types\/page"}],"author":[{"embeddable":true,"href":"https:\/\/www.arteiasi.ro\/cam\/wp-json\/wp\/v2\/users\/1"}],"replies":[{"embeddable":true,"href":"https:\/\/www.arteiasi.ro\/cam\/wp-json\/wp\/v2\/comments?post=6"}],"version-history":[{"count":6,"href":"https:\/\/www.arteiasi.ro\/cam\/wp-json\/wp\/v2\/pages\/6\/revisions"}],"predecessor-version":[{"id":149,"href":"https:\/\/www.arteiasi.ro\/cam\/wp-json\/wp\/v2\/pages\/6\/revisions\/149"}],"wp:attachment":[{"href":"https:\/\/www.arteiasi.ro\/cam\/wp-json\/wp\/v2\/media?parent=6"}],"curies":[{"name":"wp","href":"https:\/\/api.w.org\/{rel}","templated":true}]}}