{"id":13,"date":"2016-11-05T17:22:01","date_gmt":"2016-11-05T17:22:01","guid":{"rendered":"http:\/\/www.arteiasi.ro\/cam\/?page_id=13"},"modified":"2024-01-31T09:23:44","modified_gmt":"2024-01-31T07:23:44","slug":"membri","status":"publish","type":"page","link":"https:\/\/www.arteiasi.ro\/cam\/membri\/","title":{"rendered":"Membri"},"content":{"rendered":"<p><b>Director al Centrului:<\/b> Prof. dr. Tereza Sinigalia, Universitatea de Arte \u201eG. Enescu\u201d, Ia\u0219i<\/p>\n<p><b>Pre\u0219edintele Consiliului Stiin\u021bific:<\/b> Prof. dr. Tereza Sinigalia, Universitatea de Arte \u201eG. Enescu\u201d, Ia\u0219i<\/p>\n<p><b>Director executiv al Centrului:<\/b> Prof.univ.dr. Codrina Laura Ioni\u021b\u0103, Universitatea de Arte \u201eG. Enescu\u201d, Ia\u0219i<\/p>\n<p><b>Consiliul \u0219tiin\u021bific:<\/b> Prof. univ. dr. Tereza Sinigalia, Universitatea de Arte \u201eG. Enescu\u201d, Ia\u0219i<\/p>\n<p>Prof. univ. dr. Maria Urm\u0103, Universitatea de Arte \u201eG. Enescu\u201d, Ia\u0219i<br \/>\nProf. univ. Maryvonne Perrot, Directrice du Centre Gaston Bachelard, Universite de Bourgogne, Franta<br \/>\nProf. univ. dr. Danielle Buschingerde, professeur \u00e9m\u00e9rite de l&#8217;Universit\u00e9 de Picardie-Jules Verne \u00e0 Amiens, Fran\u0163a Dr. St\u00e9phanie Diane Daussy, Directrice du bureau d&#8217;\u00e9tudes patrimoniales ARth\u00e9mis, Fournes-en-Weppes, Fran\u0163a<br \/>\nDr. Marina Sabados, Institutul \u201eG. Oprescu\u201d, Bucure\u015fti<br \/>\nProf. dr. Ionel Bu\u015fe, Universitatea din Craiova<br \/>\nConf. univ. dr. Jean-Paul Deremble, Universit\u00e9 Charles de Gaule, Lille 3, Fran\u0163a Conf. univ. dr. Timbert Arnaud, Universit\u00e9 Lille 3, Fran\u0163a<br \/>\nProf. dr. Pilar P\u00e9rez Camarero, Universidad Autonoma de Madrid<br \/>\nProf. univ.dr. Carmen Solomonea, Universitatea de Arte \u201eG. Enescu\u201d, Ia\u0219i<br \/>\nProf. univ. dr. Cornelia Borda\u0219iu, Universitatea de Arte \u201eG. Enescu\u201d, Ia\u0219i<\/p>\n<p><b>Membri:<\/b> Prof. univ. dr. Ionel Bu\u015fe, Universitatea din Craiova<br \/>\nProf. univ. dr. Maryvonne Perrot, Directrice du Centre Gaston Bachelard, Universite de Bourgogne, Franta<br \/>\nProf. univ. dr. Tereza Sinigalia, Universitatea de Arte \u201eG. Enescu\u201d, Ia\u0219i<br \/>\nProf. univ. dr. Atena Elena Simionescu, Universitatea de Arte \u201eG. Enescu\u201d, Ia\u0219i Prof. univ. dr. Danielle Buschingerde, professeur \u00e9m\u00e9rite de l&#8217;Universit\u00e9 de Picardie-Jules Verne \u00e0 Amiens, Fran\u0163a<br \/>\nDr. Marina Sabados, Institutul \u201eG. Oprescu\u201d, Bucure\u015fti<br \/>\nProf. univ. dr. Maria Urm\u0103, Universitatea de Arte \u201eG. Enescu\u201d, Ia\u0219i<br \/>\nProf. univ. dr. Pilar P\u00e9rez Camarero, Universidad Autonoma de Madrid, Spania Dr. St\u00e9phanie Diane Daussy, Directrice du bureau d&#8217;\u00e9tudes patrimoniales ARth\u00e9mis, Fournes-en-Weppes, Fran\u0163a<br \/>\nLect. univ. dr. Luana Stan, Universit\u00e9 de Montr\u00e9al, Canada<br \/>\nProf. univ. dr. Tiberiu Vlad, Universitatea de Arte \u201eG. Enescu\u201d, Ia\u0219i<br \/>\nConf. univ. dr. Jean-Paul Deremble, Universit\u00e9 Lille 3, Fran\u0163a Conf. univ. dr. Timbert Arnaud, Universit\u00e9 Lille 3, Fran\u0163a<br \/>\nProf. univ. dr. Carmen Solomonea, Universitatea de Arte \u201eG. Enescu\u201d, Ia\u0219i<br \/>\nProf. univ. dr. Codrina Laura Ioni\u0163\u0103, Universitatea de Arte \u201eG. Enescu\u201d, Ia\u0219i<br \/>\nProf. univ. dr. Cornelia Brustureanu, Universitatea de Arte \u201eG. Enescu\u201d, Ia\u0219i<br \/>\nConf. univ. dr. Dan Acostioaei, Universitatea de Arte \u201eG. Enescu\u201d, Ia\u0219i<br \/>\nConf. univ. dr. Ioana Olaru, Universitatea de Arte \u201eG. Enescu\u201d, Ia\u0219i<br \/>\nProf. univ. dr. Cristian Ungureanu, Universitatea de Arte \u201eG. Enescu\u201d, Ia\u0219i<br \/>\nConf. univ. dr. Cristina Stratulat, Universitatea de Arte \u201eG. Enescu\u201d, Ia\u0219i<br \/>\nConf. univ. dr. Bogdan Ungureanu, Universitatea de Arte \u201eG. Enescu\u201d, Ia\u0219i<br \/>\nProf. univ. dr. Monica Pop, Universitatea de Arte \u201eG. Enescu\u201d, Ia\u0219i<br \/>\nProf. univ. dr. Adrian Stoleriu, Universitatea de Arte \u201eG. Enescu\u201d, Ia\u0219i<br \/>\nAsist. univ. dr. Br\u00e2ndu\u015fa Grigoriu, Universitatea \u201eAl. I. Cuza\u201d, Ia\u015fi<br \/>\nConf. univ. dr. Andreea Stoleriu, Universitatea de Arte \u201eG. Enescu\u201d, Ia\u0219i<br \/>\nLector univ. dr. Oana Nicu\u0163\u0103, Universitatea de Arte \u201eG. Enescu\u201d, Ia\u0219i<br \/>\nLector univ. dr. Ioan Pricop, Universitatea de Arte \u201eG. Enescu\u201d, Ia\u0219i<br \/>\nLector univ. dr. Raluca Minea, Universitatea de Arte \u201eG. Enescu\u201d, Ia\u0219i<br \/>\nMrd. Silviu Parascan, Universitatea de Arte \u201eN. Grigorescu\u201d, Bucure\u015fti<br \/>\nDr. Roxana Zanea, Universitatea din Bucure\u015fti<br \/>\nConf univ dr. Diana Gradu Universitatea \u201eAl. I. Cuza\u201d, Ia\u015fi<\/p>\n","protected":false},"excerpt":{"rendered":"<p>Director al Centrului: Prof. dr. Tereza Sinigalia, Universitatea de Arte \u201eG. Enescu\u201d, Ia\u0219i Pre\u0219edintele Consiliului Stiin\u021bific: Prof. dr. Tereza Sinigalia, Universitatea de Arte \u201eG. Enescu\u201d, Ia\u0219i Director executiv al Centrului: Prof.univ.dr. Codrina Laura Ioni\u021b\u0103, Universitatea de Arte \u201eG. Enescu\u201d, Ia\u0219i Consiliul \u0219tiin\u021bific: Prof. univ. dr. Tereza Sinigalia, Universitatea de Arte \u201eG. Enescu\u201d, Ia\u0219i Prof. univ. &hellip; <a href=\"https:\/\/www.arteiasi.ro\/cam\/membri\/\" class=\"more-link\">Continue reading <span class=\"screen-reader-text\">Membri<\/span><\/a><\/p>\n","protected":false},"author":1,"featured_media":0,"parent":0,"menu_order":0,"comment_status":"closed","ping_status":"closed","template":"","meta":{"footnotes":""},"class_list":["post-13","page","type-page","status-publish","hentry"],"yoast_head":"<!-- This site is optimized with the Yoast SEO plugin v27.3 - https:\/\/yoast.com\/product\/yoast-seo-wordpress\/ -->\n<title>Membri &#8212; Centrul de Cercetare a Artei Medievale \u201dVasile Dr\u0103gu\u021b\u201d<\/title>\n<meta name=\"robots\" content=\"index, follow, max-snippet:-1, max-image-preview:large, max-video-preview:-1\" \/>\n<link rel=\"canonical\" href=\"https:\/\/www.arteiasi.ro\/cam\/membri\/\" \/>\n<meta property=\"og:locale\" content=\"en_US\" \/>\n<meta property=\"og:type\" content=\"article\" \/>\n<meta property=\"og:title\" content=\"Membri &#8212; Centrul de Cercetare a Artei Medievale \u201dVasile Dr\u0103gu\u021b\u201d\" \/>\n<meta property=\"og:description\" content=\"Director al Centrului: Prof. dr. Tereza Sinigalia, Universitatea de Arte \u201eG. Enescu\u201d, Ia\u0219i Pre\u0219edintele Consiliului Stiin\u021bific: Prof. dr. Tereza Sinigalia, Universitatea de Arte \u201eG. Enescu\u201d, Ia\u0219i Director executiv al Centrului: Prof.univ.dr. Codrina Laura Ioni\u021b\u0103, Universitatea de Arte \u201eG. Enescu\u201d, Ia\u0219i Consiliul \u0219tiin\u021bific: Prof. univ. dr. Tereza Sinigalia, Universitatea de Arte \u201eG. Enescu\u201d, Ia\u0219i Prof. univ. &hellip; Continue reading Membri\" \/>\n<meta property=\"og:url\" content=\"https:\/\/www.arteiasi.ro\/cam\/membri\/\" \/>\n<meta property=\"og:site_name\" content=\"Centrul de Cercetare a Artei Medievale \u201dVasile Dr\u0103gu\u021b\u201d\" \/>\n<meta property=\"article:modified_time\" content=\"2024-01-31T07:23:44+00:00\" \/>\n<meta name=\"twitter:card\" content=\"summary_large_image\" \/>\n<meta name=\"twitter:label1\" content=\"Est. reading time\" \/>\n\t<meta name=\"twitter:data1\" content=\"3 minutes\" \/>\n<script type=\"application\/ld+json\" class=\"yoast-schema-graph\">{\"@context\":\"https:\\\/\\\/schema.org\",\"@graph\":[{\"@type\":\"WebPage\",\"@id\":\"https:\\\/\\\/www.arteiasi.ro\\\/cam\\\/membri\\\/\",\"url\":\"https:\\\/\\\/www.arteiasi.ro\\\/cam\\\/membri\\\/\",\"name\":\"Membri &#8212; Centrul de Cercetare a Artei Medievale \u201dVasile Dr\u0103gu\u021b\u201d\",\"isPartOf\":{\"@id\":\"https:\\\/\\\/www.arteiasi.ro\\\/cam\\\/#website\"},\"datePublished\":\"2016-11-05T17:22:01+00:00\",\"dateModified\":\"2024-01-31T07:23:44+00:00\",\"breadcrumb\":{\"@id\":\"https:\\\/\\\/www.arteiasi.ro\\\/cam\\\/membri\\\/#breadcrumb\"},\"inLanguage\":\"en-US\",\"potentialAction\":[{\"@type\":\"ReadAction\",\"target\":[\"https:\\\/\\\/www.arteiasi.ro\\\/cam\\\/membri\\\/\"]}]},{\"@type\":\"BreadcrumbList\",\"@id\":\"https:\\\/\\\/www.arteiasi.ro\\\/cam\\\/membri\\\/#breadcrumb\",\"itemListElement\":[{\"@type\":\"ListItem\",\"position\":1,\"name\":\"Home\",\"item\":\"https:\\\/\\\/www.arteiasi.ro\\\/cam\\\/\"},{\"@type\":\"ListItem\",\"position\":2,\"name\":\"Membri\"}]},{\"@type\":\"WebSite\",\"@id\":\"https:\\\/\\\/www.arteiasi.ro\\\/cam\\\/#website\",\"url\":\"https:\\\/\\\/www.arteiasi.ro\\\/cam\\\/\",\"name\":\"Centrul de Cercetare a Artei Medievale \u201dVasile Dr\u0103gu\u021b\u201d\",\"description\":\"Facultatea de Arte Vizuale \u0219i Design\",\"publisher\":{\"@id\":\"https:\\\/\\\/www.arteiasi.ro\\\/cam\\\/#organization\"},\"potentialAction\":[{\"@type\":\"SearchAction\",\"target\":{\"@type\":\"EntryPoint\",\"urlTemplate\":\"https:\\\/\\\/www.arteiasi.ro\\\/cam\\\/?s={search_term_string}\"},\"query-input\":{\"@type\":\"PropertyValueSpecification\",\"valueRequired\":true,\"valueName\":\"search_term_string\"}}],\"inLanguage\":\"en-US\"},{\"@type\":\"Organization\",\"@id\":\"https:\\\/\\\/www.arteiasi.ro\\\/cam\\\/#organization\",\"name\":\"Centrul de arta medievala\",\"url\":\"https:\\\/\\\/www.arteiasi.ro\\\/cam\\\/\",\"logo\":{\"@type\":\"ImageObject\",\"inLanguage\":\"en-US\",\"@id\":\"https:\\\/\\\/www.arteiasi.ro\\\/cam\\\/#\\\/schema\\\/logo\\\/image\\\/\",\"url\":\"http:\\\/\\\/www.arteiasi.ro\\\/cam\\\/wp-content\\\/uploads\\\/2016\\\/11\\\/cropped-sigla.png\",\"contentUrl\":\"http:\\\/\\\/www.arteiasi.ro\\\/cam\\\/wp-content\\\/uploads\\\/2016\\\/11\\\/cropped-sigla.png\",\"width\":248,\"height\":75,\"caption\":\"Centrul de arta medievala\"},\"image\":{\"@id\":\"https:\\\/\\\/www.arteiasi.ro\\\/cam\\\/#\\\/schema\\\/logo\\\/image\\\/\"}}]}<\/script>\n<!-- \/ Yoast SEO plugin. -->","yoast_head_json":{"title":"Membri &#8212; Centrul de Cercetare a Artei Medievale \u201dVasile Dr\u0103gu\u021b\u201d","robots":{"index":"index","follow":"follow","max-snippet":"max-snippet:-1","max-image-preview":"max-image-preview:large","max-video-preview":"max-video-preview:-1"},"canonical":"https:\/\/www.arteiasi.ro\/cam\/membri\/","og_locale":"en_US","og_type":"article","og_title":"Membri &#8212; Centrul de Cercetare a Artei Medievale \u201dVasile Dr\u0103gu\u021b\u201d","og_description":"Director al Centrului: Prof. dr. Tereza Sinigalia, Universitatea de Arte \u201eG. Enescu\u201d, Ia\u0219i Pre\u0219edintele Consiliului Stiin\u021bific: Prof. dr. Tereza Sinigalia, Universitatea de Arte \u201eG. Enescu\u201d, Ia\u0219i Director executiv al Centrului: Prof.univ.dr. Codrina Laura Ioni\u021b\u0103, Universitatea de Arte \u201eG. Enescu\u201d, Ia\u0219i Consiliul \u0219tiin\u021bific: Prof. univ. dr. Tereza Sinigalia, Universitatea de Arte \u201eG. Enescu\u201d, Ia\u0219i Prof. univ. &hellip; Continue reading Membri","og_url":"https:\/\/www.arteiasi.ro\/cam\/membri\/","og_site_name":"Centrul de Cercetare a Artei Medievale \u201dVasile Dr\u0103gu\u021b\u201d","article_modified_time":"2024-01-31T07:23:44+00:00","twitter_card":"summary_large_image","twitter_misc":{"Est. reading time":"3 minutes"},"schema":{"@context":"https:\/\/schema.org","@graph":[{"@type":"WebPage","@id":"https:\/\/www.arteiasi.ro\/cam\/membri\/","url":"https:\/\/www.arteiasi.ro\/cam\/membri\/","name":"Membri &#8212; Centrul de Cercetare a Artei Medievale \u201dVasile Dr\u0103gu\u021b\u201d","isPartOf":{"@id":"https:\/\/www.arteiasi.ro\/cam\/#website"},"datePublished":"2016-11-05T17:22:01+00:00","dateModified":"2024-01-31T07:23:44+00:00","breadcrumb":{"@id":"https:\/\/www.arteiasi.ro\/cam\/membri\/#breadcrumb"},"inLanguage":"en-US","potentialAction":[{"@type":"ReadAction","target":["https:\/\/www.arteiasi.ro\/cam\/membri\/"]}]},{"@type":"BreadcrumbList","@id":"https:\/\/www.arteiasi.ro\/cam\/membri\/#breadcrumb","itemListElement":[{"@type":"ListItem","position":1,"name":"Home","item":"https:\/\/www.arteiasi.ro\/cam\/"},{"@type":"ListItem","position":2,"name":"Membri"}]},{"@type":"WebSite","@id":"https:\/\/www.arteiasi.ro\/cam\/#website","url":"https:\/\/www.arteiasi.ro\/cam\/","name":"Centrul de Cercetare a Artei Medievale \u201dVasile Dr\u0103gu\u021b\u201d","description":"Facultatea de Arte Vizuale \u0219i Design","publisher":{"@id":"https:\/\/www.arteiasi.ro\/cam\/#organization"},"potentialAction":[{"@type":"SearchAction","target":{"@type":"EntryPoint","urlTemplate":"https:\/\/www.arteiasi.ro\/cam\/?s={search_term_string}"},"query-input":{"@type":"PropertyValueSpecification","valueRequired":true,"valueName":"search_term_string"}}],"inLanguage":"en-US"},{"@type":"Organization","@id":"https:\/\/www.arteiasi.ro\/cam\/#organization","name":"Centrul de arta medievala","url":"https:\/\/www.arteiasi.ro\/cam\/","logo":{"@type":"ImageObject","inLanguage":"en-US","@id":"https:\/\/www.arteiasi.ro\/cam\/#\/schema\/logo\/image\/","url":"http:\/\/www.arteiasi.ro\/cam\/wp-content\/uploads\/2016\/11\/cropped-sigla.png","contentUrl":"http:\/\/www.arteiasi.ro\/cam\/wp-content\/uploads\/2016\/11\/cropped-sigla.png","width":248,"height":75,"caption":"Centrul de arta medievala"},"image":{"@id":"https:\/\/www.arteiasi.ro\/cam\/#\/schema\/logo\/image\/"}}]}},"_links":{"self":[{"href":"https:\/\/www.arteiasi.ro\/cam\/wp-json\/wp\/v2\/pages\/13","targetHints":{"allow":["GET"]}}],"collection":[{"href":"https:\/\/www.arteiasi.ro\/cam\/wp-json\/wp\/v2\/pages"}],"about":[{"href":"https:\/\/www.arteiasi.ro\/cam\/wp-json\/wp\/v2\/types\/page"}],"author":[{"embeddable":true,"href":"https:\/\/www.arteiasi.ro\/cam\/wp-json\/wp\/v2\/users\/1"}],"replies":[{"embeddable":true,"href":"https:\/\/www.arteiasi.ro\/cam\/wp-json\/wp\/v2\/comments?post=13"}],"version-history":[{"count":6,"href":"https:\/\/www.arteiasi.ro\/cam\/wp-json\/wp\/v2\/pages\/13\/revisions"}],"predecessor-version":[{"id":117,"href":"https:\/\/www.arteiasi.ro\/cam\/wp-json\/wp\/v2\/pages\/13\/revisions\/117"}],"wp:attachment":[{"href":"https:\/\/www.arteiasi.ro\/cam\/wp-json\/wp\/v2\/media?parent=13"}],"curies":[{"name":"wp","href":"https:\/\/api.w.org\/{rel}","templated":true}]}}